nder when s is divided by i?
15
Let k(y) = -y**3 + y**2 - 2*y + 3. Let t be k(0). Suppose -v + 2*v = t. Suppose v*c - 64 = -5*w + 422, -w = 3. What is the remainder when c is divided by 13?
11
Suppose 16*h - 2127 = 4475 - 1562. What is the remainder when 323 is divided by h?
8
Suppose 3 = 3*a - 3, 0 = 4*o + 4*a - 28. Let g = o + 17. Let z = 4 + 1. What is the remainder when g is divided by z?
2
Suppose -5*v - 20 = 0, 0 = -48*s + 50*s + 2*v - 240. Calculate the remainder when 364 is divided by s.
116
Suppose 3*n = 3*o + 6, 3*n - 4 + 2 = o. Suppose n = 40*k - 56*k + 1600. What is the remainder when k is divided by 34?
32
Let b = 168 + -336. Calculate the remainder when 49 is divided by ((b/30)/7)/((-4)/130).
23
Let t = 80 + 136. Suppose -66*d = -57*d - t. Calculate the remainder when d is divided by 5.
4
Let i = -35 + 56. Suppose r - 300 = -3*r - 2*j, 4*r - 22*j - 348 = 0. Calculate the remainder when r is divided by i.
13
Suppose 15*t = 33*t - 9378. Calculate the remainder when t is divided by 194.
133
Suppose 7*c - 132 = 260. Let h = c - 53. Let r(y) = -y**2 - 8*y + 4. Calculate the remainder when r(-7) is divided by h.
2
Let a = 104 + -46. Let n = -52 + a. Suppose 76 = n*x - 32. What is the remainder when 142 is divided by x?
16
Suppose -3*y + 8 = w + 10, -2*y - 3*w = 6. Calculate the remainder when 18 is divided by (y - (-80)/14) + (-4)/(-14).
0
Let m = 92 + -79. Suppose -52 = 11*n - m*n. Calculate the remainder when 102 is divided by n.
24
Let j(w) = w**3 + 12*w**2 - 3*w + 121. Let c be j(-11). Let x = -250 + c. What is the remainder when 447 is divided by x?
22
Let j = -11 - 79. Let h = 65 + 13. What is the remainder when h is divided by ((-4)/3)/(40/j) - -37?
38
Suppose 4*l - 2*l = 5*v - 9, -2*v = -2*l + 6. Suppose 3*r = -3*g - 2*r + 34, 4*g = 4*r - l. What is the remainder when 221 is divided by (-2)/11 - g/(-11)*118?
29
Let v be 1/(-1)*0*2/6. Suppose v = 2*r + r + 4*c - 75, 0 = -4*r + 3*c + 125. Suppose 0 = i + r - 49. What is the remainder when i is divided by 16?
4
Let p = -8484 + 8866. What is the remainder when p is divided by 32?
30
Calculate the remainder when (-1)/((-2)/6590) - (43 - 31)/4 is divided by 89.
88
Suppose -8*k + 857 = -263. Let m = -118 + k. Calculate the remainder when 86 is divided by m.
20
Suppose -2*j - 17 = -3*k, 2*k - 5*j + 0*j = 26. Let s(z) = k*z**2 - 18 + 13 - 7*z + 3. What is the remainder when s(7) is divided by 33?
30
Suppose 492*l - 495*l = -105. What is the remainder when 2206 is divided by l?
1
Suppose 4*d - i + 7 = 303, i = 0. Calculate the remainder when 959 is divided by d.
71
Let u = -2817 - -2824. Suppose 0 = -3*j + 2*j. Let n(x) = x + 12. What is the remainder when n(j) is divided by u?
5
Let w(s) = s**2 + 2*s + 16. Let z be -5 + 3/6*-2. Let k be w(z). What is the remainder when 99 is divided by (-1)/4 - (-1370)/k?
31
Suppose 19*t + 239 = z + 17*t, 2*z - 468 = 2*t. Calculate the remainder when z is divided by 2.
1
Let j = 98 - -136. Suppose j = -13*p + 4*p. Let c = -12 - p. What is the remainder when 21 is divided by c?
7
Suppose 10*y = -92*y + 42958 + 4064. What is the remainder when 1394 is divided by y?
11
Let b = 174 - 260. What is the remainder when (b/6)/((-3)/27) is divided by 44?
41
Suppose -34 = -2*x - 2*v, 5*x - 5*v = 4*x + 5. Suppose 2*i - 3*i + x = 0. Suppose -i*h - 68 = -19*h. What is the remainder when 80 is divided by h?
12
Let g(k) = 2*k**2 + 200*k + 601. What is the remainder when 2446 is divided by g(-97)?
14
Let l = 11876 - 11856. Calculate the remainder when 3317 is divided by l.
17
Let k be ((-12)/(-10))/(6/20). Let z = -401 + 401. Suppose -k*t + 76 = -z*t. What is the remainder when t is divided by 6?
1
Let t(f) = -5*f + 77. Let g be t(15). Suppose -4*q + 3*u = -490, -3*q - g*u = -5*u - 369. Calculate the remainder when 250 is divided by q.
8
Let p(v) = 77*v**2 - 5*v + 6. Let o(l) = l - 1. Let z(a) = 4*o(a) + p(a). Suppose -8*x + 2 = -6*x. Calculate the remainder when z(x) is divided by 9.
6
Suppose 19090 + 9106 = 38*c. What is the remainder when c is divided by 75?
67
Let v be (-8)/(-15 + 7)*23. What is the remainder when 76 is divided by (-230)/v*(-3)/(9/12)?
36
Calculate the remainder when ((-1608)/(-72))/(-3 + 28/9) is divided by 71.
59
Suppose -137*w + 1599 + 16896 = 0. What is the remainder when 416 is divided by w?
11
Let k(m) = 6 - 10 - 4 - 18*m - 5. Suppose 17 = -3*h - 4. Calculate the remainder when k(h) is divided by 19.
18
Let v = 2534 + -2490. Suppose -p + 860 = 3*p + 3*y, -5*p + 1075 = 5*y. Calculate the remainder when p is divided by v.
39
Suppose -186 = -29*w + 371 + 255. Let c(k) = 2*k - 3. Calculate the remainder when w is divided by c(3).
1
Let z(s) = -s**3 + 10*s**2 + 8*s - 140. What is the remainder when 55 is divided by z(8)?
3
Suppose -6 = -4*s - 18, 30 = 3*i - 2*s. Suppose 241*m - 240*m - 144 = -2*x, 0 = -3*x + 5*m + 177. What is the remainder when x is divided by i?
5
Let c be 4/(-26) + 5 + 2073/39. Suppose i + o = -i + 88, -i = -3*o - c. What is the remainder when 182 is divided by i?
44
Let g = -445 + 201. Let a = -176 - g. Calculate the remainder when a is divided by 14.
12
Suppose 3*z + 17 = -2*k - 33, 0 = 3*k + z + 75. Calculate the remainder when 6/12 - k/4*182 is divided by 30.
28
Suppose 45*b = 7*b + 70 + 120. What is the remainder when 217 is divided by b?
2
Suppose -194*f - 162*f + 384*f = 37716. Calculate the remainder when f is divided by 165.
27
Let o(a) be the first derivative of a**4/4 + 5*a**3/3 + 3*a**2/2 + 16*a + 87. What is the remainder when 1 is divided by o(-5)?
0
Let d(w) = 2*w**2 + 19. Let m be 0/(-1*(6 + -5)). Calculate the remainder when d(m) is divided by 10.
9
Suppose -4 = -8*k + 7*k. Suppose -k*f + 19 = -1. Suppose -f*c + 5*y + 305 = 0, 0 = 2*c - 2*y - 3*y - 134. What is the remainder when c is divided by 29?
28
Let h(i) = -41*i - 3005. What is the remainder when 2379 is divided by h(-74)?
1
Let w(j) = j**3 + 88*j**2 + 62*j + 1079. What is the remainder when w(-86) is divided by 31?
30
Suppose 5*u + i - 886 = 0, -4*u - 11*i = -14*i - 724. Suppose -6*k + u = -110. What is the remainder when k is divided by 5?
3
Let q(p) = 30*p + 109. Let b(k) = k - 1. Let n(l) = 3*b(l) - q(l). Calculate the remainder when n(-8) is divided by 7.
6
Let a(u) = 7*u**2 - 2*u. Let p = 44 + -40. What is the remainder when a(2) is divided by 42/p*(35/15 - 1)?
10
Suppose 0 = -5*y - 2*o - 72 + 182, o = -5. Calculate the remainder when 214 is divided by y.
22
Suppose -21*x - 709 = -2431. What is the remainder when x is divided by (-28 + -2)*(-3)/6?
7
Suppose 0 = 10*h + 4559 - 1349. Suppose -2*p = -6*p - 8. Calculate the remainder when 78 is divided by h/(-12) - p/((-32)/(-4)).
24
Suppose 4*h + 5*k - 695 = -1931, 3*h = -5*k - 927. Let a = h - -349. What is the remainder when 150 is divided by a?
30
Let s(f) = f**3 - 22*f**2 + 93*f + 244. Calculate the remainder when s(16) is divided by 155.
41
Let m = 53 - 28. Let t = m - 23. Suppose -l + 5*k + 135 = t*k, -2*l - k + 277 = 0. What is the remainder when l is divided by 35?
33
Let h = -2087 + 2098. Let a = 3 - -61. What is the remainder when a is divided by h?
9
Suppose 4*o - 16 = -p, -3*p = 3*o - 7*o - 96. Suppose -328 = -32*u + p*u. What is the remainder when u is divided by 14?
12
Suppose -3*u + 707 = r, -5*r + 755 = 4*u - 206. What is the remainder when 1636 is divided by u?
232
Let d(w) = -2*w**3 - 2095*w**2 + 8*w - 15 + 1056*w**2 + 1065*w**2. Calculate the remainder when d(13) is divided by 47.
42
Suppose 8*l + 6 = 5*l, 0 = 4*a + 4*l + 40. What is the remainder when 11 is divided by -1*(a - 1/(-1))?
4
Let q(f) = -279*f + 5054. Calculate the remainder when 457 is divided by q(18).
9
Calculate the remainder when (32/(-12) - -1)*16146/(-117) is divided by 180.
50
Let i(j) = -117*j**3 - 33*j**2 - 36*j - 3. What is the remainder when 1046 is divided by i(-1)?
110
Suppose -36*i + 41*i - 20 = 0. Suppose -4*n = i*u - 56, 26 = -0*n + 3*n - 5*u. Calculate the remainder when 63 is divided by ((-3)/(-3) + 20/n)*6.
15
Let b(h) = -879*h + 44. What is the remainder when 1144 is divided by b(0)?
0
Suppose 23 = 7*v - 12*v - 4*z, -v - 5*z = 13. Calculate the remainder when v + -1 - (-59 + 6 + -1) is divided by 19.
12
Let m be 7 + 0*(14/6 + -2). Suppose 4*w = 10*s - m*s - 124, 0 = -5*s + w + 218. What is the rem